ded by 6678.
6521
What is the remainder when 22695900 is divided by 8409?
9
What is the remainder when 9410910 is divided by 2352717?
42
What is the remainder when 1838020 is divided by 12?
4
What is the remainder when 122964 is divided by 2320?
4
What is the remainder when 1876264 is divided by 312549?
970
What is the remainder when 155801 is divided by 11128?
9
What is the remainder when 44410 is divided by 8678?
1020
What is the remainder when 1068143 is divided by 534013?
117
What is the remainder when 4012102 is divided by 16?
6
Calculate the remainder when 661013 is divided by 41311.
37
What is the remainder when 237559 is divided by 1594?
53
Calculate the remainder when 160031487 is divided by 528.
495
Calculate the remainder when 808625 is divided by 22442.
713
What is the remainder when 6082319 is divided by 447?
437
Calculate the remainder when 58738909 is divided by 14684724.
13
What is the remainder when 11915174 is divided by 21?
5
Calculate the remainder when 6460234 is divided by 11.
0
Calculate the remainder when 23478793 is divided by 14.
9
Calculate the remainder when 69922886 is divided by 737.
11
Calculate the remainder when 35006266 is divided by 4766.
4762
What is the remainder when 179365 is divided by 1447?
1384
Calculate the remainder when 23458049 is divided by 9.
8
What is the remainder when 6001 is divided by 5580?
421
Calculate the remainder when 1900599 is divided by 3801.
99
What is the remainder when 891563669 is divided by 725?
719
Calculate the remainder when 1442624 is divided by 45.
14
Calculate the remainder when 27358640 is divided by 14885.
10
What is the remainder when 154687 is divided by 76910?
867
Calculate the remainder when 10046032 is divided by 732.
64
What is the remainder when 12027886 is divided by 429567?
10
Calculate the remainder when 24358674 is divided by 1111.
1110
What is the remainder when 244532 is divided by 342?
2
What is the remainder when 636747 is divided by 10270?
7
What is the remainder when 1041826 is divided by 2148?
46
Calculate the remainder when 5071 is divided by 83.
8
Calculate the remainder when 5000127 is divided by 714282.
153
What is the remainder when 673581 is divided by 21?
6
Calculate the remainder when 2910851 is divided by 133.
13
What is the remainder when 177133 is divided by 174988?
2145
Calculate the remainder when 1226 is divided by 11.
5
Calculate the remainder when 103261 is divided by 10315.
111
Calculate the remainder when 60901 is divided by 346.
5
Calculate the remainder when 22195919 is divided by 46.
45
Calculate the remainder when 34506 is divided by 886.
838
Calculate the remainder when 699239 is divided by 4187.
10
Calculate the remainder when 2528257 is divided by 273.
4
Calculate the remainder when 342524 is divided by 48778.
1078
Calculate the remainder when 179931 is divided by 3217.
2996
What is the remainder when 4553782 is divided by 1138444?
6
What is the remainder when 1219431 is divided by 74?
59
What is the remainder when 2731365 is divided by 60?
45
What is the remainder when 1772509 is divided by 5522?
5469
What is the remainder when 3773950 is divided by 6187?
6067
What is the remainder when 1991406 is divided by 6682?
170
What is the remainder when 55613 is divided by 18517?
62
What is the remainder when 59985 is divided by 764?
393
Calculate the remainder when 2797712 is divided by 2381.
37
Calculate the remainder when 114010 is divided by 4215.
205
What is the remainder when 1927635189 is divided by 54?
51
What is the remainder when 1225194 is divided by 1179?
213
Calculate the remainder when 274880 is divided by 4580.
80
Calculate the remainder when 6921664 is divided by 2100.
64
What is the remainder when 65400 is divided by 8164?
88
Calculate the remainder when 23403 is divided by 964.
267
Calculate the remainder when 4052851 is divided by 3214.
3211
Calculate the remainder when 89104 is divided by 6745.
1419
What is the remainder when 912393 is divided by 1573?
53
What is the remainder when 549900 is divided by 104?
52
What is the remainder when 47380025 is divided by 381?
8
What is the remainder when 1831914 is divided by 83?
21
What is the remainder when 43137949 is divided by 790?
789
Calculate the remainder when 487536 is divided by 1301.
962
Calculate the remainder when 772122 is divided by 1062.
48
What is the remainder when 40455 is divided by 18?
9
Calculate the remainder when 317329 is divided by 372.
13
Calculate the remainder when 4601568 is divided by 575195.
8
What is the remainder when 285522 is divided by 2181?
1992
Calculate the remainder when 251517 is divided by 2530.
1047
Calculate the remainder when 900599392 is divided by 4607.
4604
Calculate the remainder when 163273 is divided by 40773.
181
Calculate the remainder when 7046631 is divided by 79.
68
What is the remainder when 2414583 is divided by 12772?
675
What is the remainder when 400530 is divided by 200111?
308
What is the remainder when 209652 is divided by 20961?
42
What is the remainder when 591671 is divided by 1412?
43
What is the remainder when 12092393 is divided by 1147?
719
Calculate the remainder when 284157600 is divided by 502.
500
Calculate the remainder when 8149206 is divided by 883.
882
What is the remainder when 26724220 is divided by 7?
5
Calculate the remainder when 238600 is divided by 1176.
1048
Calculate the remainder when 552221 is divided by 99.
98
Calculate the remainder when 238500 is divided by 921.
882
What is the remainder when 11385708 is divided by 1937?
22
Calculate the remainder when 4653031 is divided by 14186.
23
Calculate the remainder when 11378345 is divided by 5689158.
29
Calculate the remainder when 81333 is divided by 657.
522
Calculate the remainder when 102151339 is divided by 911.
909
Calculate the remainder when 51327296 is divided by 189.
188
Calculate the remainder when 11482861 is divided by 64150.
11
Calculate the remainder when 193932 is divided by 5762.
3786
What is the remainder when 16958471 is divided by 113?
109
What is the remainder when 122013 is divided by 59659?
2695
Calculate the remainder when 1871512 is divided by 996.
28
Calculate the remainder when 824160 is divided by 410308.
3544
What is the remainder when 1103406 is divided by 864?
78
Calculate the remainder when 3773804 is divided by 18869.
4
Calculate the remainder when 238851 is divided by 12222.
6633
What is the remainder when 946085422 is divided by 871?
867
What is the remainder when 446697 is divided by 148898?
3
What is the remainder when 3584765 is divided by 2013?
1625
What is the remainder when 5650722 is divided by 23254?
0
Calculate the remainder when 184488917 is divided by 119.
4
Calculate the remainder when 237336 is divided by 2414.
764
What is the remainder when 2050070 is divided by 170839?
2
Calculate the remainder when 151039 is divided by 30101.
534
What is the remainder when 148323 is divided by 462?
21
What is the remainder when 19071754 is divided by 39323?
99
Calculate the remainder when 1348598 is divided by 5528.
5294
Calculate the remainder when 53908967 is divided by 676.
671
Calculate the remainder when 125321960 is divided by 104.
88
Calculate the remainder when 66058 is divided by 1534.
96
What is the remainder when 1623131 is divided by 81156?
11
Calculate the remainder when 4191283 is divided by 1047799.
87
Calculate the remainder when 233856 is divided by 613.
303
What is the remainder when 739964 is divided by 246625?
89
What is the remainder when 276507 is divided by 11512?
219
Calculate the remainder when 116008703 is divided by 126.
125
What is the remainder when 1154920 is divided by 115491?
10
Calculate the remainder when 54725 is divided by 113.
33
Calculate the remainder when 2282685 is divided by 570653.
73
What is the remainder when 1597833 is divided by 72615?
303
What is the remainder when 44222402 is divided by 36427?
24
Calculate the remainder when 57538555 is divided by 1798079.
27
Calculate the remainder when 50466279 is divided by 380.
379
What is the remainder when 3815307 is divided by 422?
5
What is the remainder when 16425606 is divided by 1025?
1006
Calculate the remainder when 22446463 is divided by 187.
105
Calculate the remainder when 250056 is divided by 12502.
16
Wha